{"id":10054,"date":"2021-03-20T17:53:11","date_gmt":"2021-03-20T22:53:11","guid":{"rendered":"https:\/\/www.lateliercoiffureesthetique.com\/?post_type=product&#038;p=10054"},"modified":"2025-11-16T16:33:10","modified_gmt":"2025-11-16T21:33:10","slug":"masquintense-fine-hair-mask","status":"publish","type":"product","link":"https:\/\/www.lateliercoiffureesthetique.com\/fr\/produit\/masquintense-fine-hair-mask\/","title":{"rendered":"Masque cheveux fins Masquintense"},"content":{"rendered":"<p>[vc_row center_bck_image=\u00a0\u00bbno\u00a0\u00bb][vc_column][vc_empty_space][vc_column_text]<\/p>\n<h5><strong>COMMENT UTILISER\u00a0<\/strong><\/h5>\n<p>[\/vc_column_text][vc_column_text]<\/p>\n<div class=\"product_tabs ui-tabs ui-widget ui-widget-content ui-corner-all\">\n<div class=\"product_tabs-line\">\n<h6>Appliquer une quantit\u00e9 d&rsquo;un quart de Masquintense Fine sur les cheveux mouill\u00e9s sur les mi-longueurs et les pointes et masser. Laisser agir 5 \u00e0 10 minutes et rincer abondamment.<\/h6>\n<\/div>\n<\/div>\n<p>[\/vc_column_text][vc_empty_space][\/vc_column][\/vc_row][vc_row center_bck_image=\u00a0\u00bbno\u00a0\u00bb][vc_column][vc_column_text]<\/p>\n<h5 style=\"text-align: left;\"><strong><span style=\"vertical-align: inherit;\"><span style=\"vertical-align: inherit;\">INGREDIENTS<\/span><\/span><\/strong><\/h5>\n<p>[\/vc_column_text][vc_column_text]<\/p>\n<h6>COMPLEXE IRISOME<\/h6>\n<h6>Lipides: pour am\u00e9liorer la production d&rsquo;huile naturelle.<br \/>\nGlucides: pour apporter un v\u00e9ritable regain d&rsquo;\u00e9nergie pour la nutrition de la fibre capillaire de la racine vers le haut.<br \/>\nProt\u00e9ines: pour nourrir la fibre et la tremper de douceur.<br \/>\nExtrait de rhizome d&rsquo;iris: pour prot\u00e9ger les cheveux de l&rsquo;oxydation et fournir une nutrition durable<\/h6>\n<p>[\/vc_column_text][\/vc_column][\/vc_row]<\/p>\n","protected":false},"excerpt":{"rendered":"<h6>Masquintense Fine Hair est un masque de traitement nourrissant concentr\u00e9 pour cheveux fins et secs. Sa combinaison de nutriments \u00e0 haute concentration et d&#039;ingr\u00e9dients actifs nourrit les cheveux de la racine \u00e0 la pointe, gardant les cheveux brillants et doux avec un toucher souple et l\u00e9ger. Il facilite le d\u00e9m\u00ealage et prot\u00e8ge la fibre de l&#039;oxydation pour une nutrition durable.<\/h6>\n","protected":false},"featured_media":12516,"comment_status":"open","ping_status":"closed","template":"","meta":[],"product_cat":[187,200],"product_tag":[95],"_links":{"self":[{"href":"https:\/\/www.lateliercoiffureesthetique.com\/fr\/wp-json\/wp\/v2\/product\/10054"}],"collection":[{"href":"https:\/\/www.lateliercoiffureesthetique.com\/fr\/wp-json\/wp\/v2\/product"}],"about":[{"href":"https:\/\/www.lateliercoiffureesthetique.com\/fr\/wp-json\/wp\/v2\/types\/product"}],"replies":[{"embeddable":true,"href":"https:\/\/www.lateliercoiffureesthetique.com\/fr\/wp-json\/wp\/v2\/comments?post=10054"}],"wp:featuredmedia":[{"embeddable":true,"href":"https:\/\/www.lateliercoiffureesthetique.com\/fr\/wp-json\/wp\/v2\/media\/12516"}],"wp:attachment":[{"href":"https:\/\/www.lateliercoiffureesthetique.com\/fr\/wp-json\/wp\/v2\/media?parent=10054"}],"wp:term":[{"taxonomy":"product_cat","embeddable":true,"href":"https:\/\/www.lateliercoiffureesthetique.com\/fr\/wp-json\/wp\/v2\/product_cat?post=10054"},{"taxonomy":"product_tag","embeddable":true,"href":"https:\/\/www.lateliercoiffureesthetique.com\/fr\/wp-json\/wp\/v2\/product_tag?post=10054"}],"curies":[{"name":"wp","href":"https:\/\/api.w.org\/{rel}","templated":true}]}}

<p>[vc_row center_bck_image= »no »][vc_column][vc_empty_space][vc_column_text]</p>
<h5><strong>COMMENT UTILISER </strong></h5>
<p>[/vc_column_text][vc_column_text]</p>
<div class="product_tabs ui-tabs ui-widget ui-widget-content ui-corner-all">
<div class="product_tabs-line">
<h6>Appliquer une quantité d&rsquo;un quart de Masquintense Fine sur les cheveux mouillés sur les mi-longueurs et les pointes et masser. Laisser agir 5 à 10 minutes et rincer abondamment.</h6>
</div>
</div>
<p>[/vc_column_text][vc_empty_space][/vc_column][/vc_row][vc_row center_bck_image= »no »][vc_column][vc_column_text]</p>
<h5 style="text-align: left;"><strong><span style="vertical-align: inherit;"><span style="vertical-align: inherit;">INGREDIENTS</span></span></strong></h5>
<p>[/vc_column_text][vc_column_text]</p>
<h6>COMPLEXE IRISOME</h6>
<h6>Lipides: pour améliorer la production d&rsquo;huile naturelle.<br />
Glucides: pour apporter un véritable regain d&rsquo;énergie pour la nutrition de la fibre capillaire de la racine vers le haut.<br />
Protéines: pour nourrir la fibre et la tremper de douceur.<br />
Extrait de rhizome d&rsquo;iris: pour protéger les cheveux de l&rsquo;oxydation et fournir une nutrition durable</h6>
<p>[/vc_column_text][/vc_column][/vc_row]</p>

<h6>Masquintense Fine Hair est un masque de traitement nourrissant concentré pour cheveux fins et secs. Sa combinaison de nutriments à haute concentration et d&#039;ingrédients actifs nourrit les cheveux de la racine à la pointe, gardant les cheveux brillants et doux avec un toucher souple et léger. Il facilite le démêlage et protège la fibre de l&#039;oxydation pour une nutrition durable.</h6>
