{"id":10617,"date":"2021-03-25T12:48:09","date_gmt":"2021-03-25T17:48:09","guid":{"rendered":"https:\/\/www.lateliercoiffureesthetique.com\/en\/?post_type=product&#038;p=10617"},"modified":"2025-02-16T22:54:07","modified_gmt":"2025-02-17T03:54:07","slug":"blue-malva","status":"publish","type":"product","link":"https:\/\/www.lateliercoiffureesthetique.com\/fr\/produit\/blue-malva\/","title":{"rendered":"Blue malva"},"content":{"rendered":"<p>[vc_row center_bck_image=\u00a0\u00bbno\u00a0\u00bb][vc_column][vc_empty_space][vc_column_text]<\/p>\n<h5 class=\"product-info-area__header js-product-info-trigger\" tabindex=\"0\" role=\"link\" data-info-section=\"ATTRIBUTE_BENEFIT\"><strong>DETAILS<\/strong><\/h5>\n<p>[\/vc_column_text][vc_column_text]<\/p>\n<div class=\"product_tabs ui-tabs ui-widget ui-widget-content ui-corner-all\">\n<div class=\"product_tabs-description-container\">\n<div id=\"tab_details\" class=\"tab_content ui-tabs-panel ui-widget-content ui-corner-bottom\" role=\"tabpanel\" aria-labelledby=\"ui-id-1\" aria-expanded=\"true\" aria-hidden=\"false\">\n<div class=\"product_detail_description \">\n<div class=\"product-detail-how-to-use\">\n<div class=\"how-to-use-columns\">\n<div class=\"how-to-use-image\">\n<div class=\"product-info-area__info-product-name at-h2__typography-spp\">\n<div class=\"product-info-area__info-product-name at-h2__typography-spp\">\n<div class=\"product-info-area__info-product-name at-h2__typography-spp\">\n<div class=\"product-info-area__info-product-name at-h2__typography-spp\">\n<div class=\"product-info-area__info-product-name at-h2__typography-spp\">\n<div class=\"product-info-area__info-product-name at-h2__typography-spp\">\n<div class=\"product-info-area__info-product-name at-h2__typography-spp\">\n<div class=\"product-info-area__info-product-name at-h2__typography-spp\">\n<h6 class=\"product-info-area__info-product-name at-h2__typography-spp\">shampooing mauve bleue<\/h6>\n<h6>Le shampooing Blue malva neutralise les tons cuivr\u00e9s de toutes les couleurs de cheveux, en particulier les cheveux blonds, et ajoute un \u00e9clat argent\u00e9 aux cheveux gris.<\/h6>\n<h6>L\u2019ar\u00f4me pure-fume\u2122 d\u2019Aveda avec essences d&rsquo;ylang-ylang, de citron, d&rsquo;eucalyptus et d&rsquo;autres essences pures de fleurs et de plantes certifi\u00e9es biologiques.<\/h6>\n<\/div>\n<\/div>\n<\/div>\n<\/div>\n<\/div>\n<\/div>\n<\/div>\n<\/div>\n<\/div>\n<\/div>\n<\/div>\n<\/div>\n<\/div>\n<\/div>\n<\/div>\n<p>[\/vc_column_text][vc_empty_space][\/vc_column][\/vc_row][vc_row center_bck_image=\u00a0\u00bbno\u00a0\u00bb][vc_column][vc_column_text]<\/p>\n<h5 style=\"text-align: left;\"><strong><span style=\"vertical-align: inherit;\"><span style=\"vertical-align: inherit;\">INGREDIENTS<\/span><\/span><\/strong><\/h5>\n<p>[\/vc_column_text][vc_column_text]<\/p>\n<h6>Ingr\u00e9dients :\u00a0Extraits acqueux (WaterAquaEau), extraits aqueux : poudre de feuille de Malva Sylvestris (mauve), poudre d&rsquo;\u00e9corce de Prunus Amygdalus Dulcis (amande douce), extrait de fleur de Centaurea Cyanus, jus de feuille d&rsquo;Aloe Barbadensis, lauryl sulfate d&rsquo;ammonium, lauryl sulfosuccinate disodique, lauramidopropyl b\u00e9ta\u00efne, acides amin\u00e9s de bl\u00e9, panth\u00e9nol, tocoph\u00e9rol, babassuamidopropyl b\u00e9ta\u00efne, cocamide peg6, dim\u00e9thicone peg-7, Cocamidopropyl PG-dimonium chloride phosphate,\u00a0polyquaternium-10, morpholine lactate d&rsquo;isost\u00e9aramidopropyle, glyc\u00e9rine, fragrance (Parfum), g\u00e9raniol, linalol, limon\u00e8ne, glycine huile de soja (Soybean), chlorure de sodium, polysorbate 80, maltodextrine, edta t\u00e9trasodique, sorbate de potassium, benzoate de sodium, m\u00e9thylchloroisothiazolinone, m\u00e9thylisothiazolinone, rocou (Ci 75120), Ext. Violet 2 (Ci 60730)<\/h6>\n<h6 class=\"product-full__ingredients--disclaimer\">Veuillez prendre note que les listes d&rsquo;ingr\u00e9dients peuvent changer de temps \u00e0 autre. Veuillez consulter la liste d&rsquo;ingr\u00e9dients sur l&#8217;emballage du produit que vous recevez pour obtenir la liste d&rsquo;ingr\u00e9dients la plus r\u00e9cente.<\/h6>\n<p>[\/vc_column_text][\/vc_column][\/vc_row]<\/p>\n","protected":false},"excerpt":{"rendered":"<h6 class=\"product-info-area__info-product-name at-h2__typography-spp\">Neutralise les tons cuivr\u00e9s de toutes les nuances et ajoute un \u00e9clat argent\u00e9 aux cheveux gris.<\/h6>\n","protected":false},"featured_media":11628,"comment_status":"open","ping_status":"closed","template":"","meta":[],"product_cat":[27,289],"product_tag":[95],"_links":{"self":[{"href":"https:\/\/www.lateliercoiffureesthetique.com\/fr\/wp-json\/wp\/v2\/product\/10617"}],"collection":[{"href":"https:\/\/www.lateliercoiffureesthetique.com\/fr\/wp-json\/wp\/v2\/product"}],"about":[{"href":"https:\/\/www.lateliercoiffureesthetique.com\/fr\/wp-json\/wp\/v2\/types\/product"}],"replies":[{"embeddable":true,"href":"https:\/\/www.lateliercoiffureesthetique.com\/fr\/wp-json\/wp\/v2\/comments?post=10617"}],"wp:featuredmedia":[{"embeddable":true,"href":"https:\/\/www.lateliercoiffureesthetique.com\/fr\/wp-json\/wp\/v2\/media\/11628"}],"wp:attachment":[{"href":"https:\/\/www.lateliercoiffureesthetique.com\/fr\/wp-json\/wp\/v2\/media?parent=10617"}],"wp:term":[{"taxonomy":"product_cat","embeddable":true,"href":"https:\/\/www.lateliercoiffureesthetique.com\/fr\/wp-json\/wp\/v2\/product_cat?post=10617"},{"taxonomy":"product_tag","embeddable":true,"href":"https:\/\/www.lateliercoiffureesthetique.com\/fr\/wp-json\/wp\/v2\/product_tag?post=10617"}],"curies":[{"name":"wp","href":"https:\/\/api.w.org\/{rel}","templated":true}]}}

<p>[vc_row center_bck_image= »no »][vc_column][vc_empty_space][vc_column_text]</p>
<h5 class="product-info-area__header js-product-info-trigger" tabindex="0" role="link" data-info-section="ATTRIBUTE_BENEFIT"><strong>DETAILS</strong></h5>
<p>[/vc_column_text][vc_column_text]</p>
<div class="product_tabs ui-tabs ui-widget ui-widget-content ui-corner-all">
<div class="product_tabs-description-container">
<div id="tab_details" class="tab_content ui-tabs-panel ui-widget-content ui-corner-bottom" role="tabpanel" aria-labelledby="ui-id-1" aria-expanded="true" aria-hidden="false">
<div class="product_detail_description ">
<div class="product-detail-how-to-use">
<div class="how-to-use-columns">
<div class="how-to-use-image">
<div class="product-info-area__info-product-name at-h2__typography-spp">
<div class="product-info-area__info-product-name at-h2__typography-spp">
<div class="product-info-area__info-product-name at-h2__typography-spp">
<div class="product-info-area__info-product-name at-h2__typography-spp">
<div class="product-info-area__info-product-name at-h2__typography-spp">
<div class="product-info-area__info-product-name at-h2__typography-spp">
<div class="product-info-area__info-product-name at-h2__typography-spp">
<div class="product-info-area__info-product-name at-h2__typography-spp">
<h6 class="product-info-area__info-product-name at-h2__typography-spp">shampooing mauve bleue</h6>
<h6>Le shampooing Blue malva neutralise les tons cuivrés de toutes les couleurs de cheveux, en particulier les cheveux blonds, et ajoute un éclat argenté aux cheveux gris.</h6>
<h6>L’arôme pure-fume™ d’Aveda avec essences d&rsquo;ylang-ylang, de citron, d&rsquo;eucalyptus et d&rsquo;autres essences pures de fleurs et de plantes certifiées biologiques.</h6>
</div>
</div>
</div>
</div>
</div>
</div>
</div>
</div>
</div>
</div>
</div>
</div>
</div>
</div>
</div>
<p>[/vc_column_text][vc_empty_space][/vc_column][/vc_row][vc_row center_bck_image= »no »][vc_column][vc_column_text]</p>
<h5 style="text-align: left;"><strong><span style="vertical-align: inherit;"><span style="vertical-align: inherit;">INGREDIENTS</span></span></strong></h5>
<p>[/vc_column_text][vc_column_text]</p>
<h6>Ingrédients : Extraits acqueux (WaterAquaEau), extraits aqueux : poudre de feuille de Malva Sylvestris (mauve), poudre d&rsquo;écorce de Prunus Amygdalus Dulcis (amande douce), extrait de fleur de Centaurea Cyanus, jus de feuille d&rsquo;Aloe Barbadensis, lauryl sulfate d&rsquo;ammonium, lauryl sulfosuccinate disodique, lauramidopropyl bétaïne, acides aminés de blé, panthénol, tocophérol, babassuamidopropyl bétaïne, cocamide peg6, diméthicone peg-7, Cocamidopropyl PG-dimonium chloride phosphate, polyquaternium-10, morpholine lactate d&rsquo;isostéaramidopropyle, glycérine, fragrance (Parfum), géraniol, linalol, limonène, glycine huile de soja (Soybean), chlorure de sodium, polysorbate 80, maltodextrine, edta tétrasodique, sorbate de potassium, benzoate de sodium, méthylchloroisothiazolinone, méthylisothiazolinone, rocou (Ci 75120), Ext. Violet 2 (Ci 60730)</h6>
<h6 class="product-full__ingredients--disclaimer">Veuillez prendre note que les listes d&rsquo;ingrédients peuvent changer de temps à autre. Veuillez consulter la liste d&rsquo;ingrédients sur l&#8217;emballage du produit que vous recevez pour obtenir la liste d&rsquo;ingrédients la plus récente.</h6>
<p>[/vc_column_text][/vc_column][/vc_row]</p>

<h6 class="product-info-area__info-product-name at-h2__typography-spp">Neutralise les tons cuivrés de toutes les nuances et ajoute un éclat argenté aux cheveux gris.</h6>
