{"id":10855,"date":"2021-03-26T14:44:30","date_gmt":"2021-03-26T19:44:30","guid":{"rendered":"https:\/\/www.lateliercoiffureesthetique.com\/en\/?post_type=product&#038;p=10855"},"modified":"2024-02-19T21:29:23","modified_gmt":"2024-02-20T02:29:23","slug":"aveda-men-pure-formance-grooming-clay","status":"publish","type":"product","link":"https:\/\/www.lateliercoiffureesthetique.com\/fr\/produit\/aveda-men-pure-formance-grooming-clay\/","title":{"rendered":"p\u00e2te coiffante aveda men pure-formance"},"content":{"rendered":"<p>[vc_row center_bck_image=\u00a0\u00bbno\u00a0\u00bb][vc_column][vc_empty_space][vc_column_text]<\/p>\n<h5 class=\"product-info-area__header js-product-info-trigger\" tabindex=\"0\" role=\"link\" data-info-section=\"ATTRIBUTE_BENEFIT\">DETAILS<\/h5>\n<p>[\/vc_column_text][vc_column_text]<\/p>\n<h6 class=\"product-info-area__info-product-name at-h2__typography-spp\">p\u00e2te coiffante aveda men pure-formance<span class=\"trade\">\u2122<\/span><\/h6>\n<h6>Offre une tenue flexible sans effet brillant. Sa formule l\u00e9g\u00e8re offre le contr\u00f4le dont vous avez besoin pour cr\u00e9er n&rsquo;importe quelle coiffure au peigne ou \u00e0 la main. Id\u00e9ale pour ajouter de l\u2019\u00e9paisseur aux cheveux.<\/h6>\n<ul>\n<li>\n<h6>Ar\u00f4me riche, \u00e9pic\u00e9 et rafra\u00eechissant de kunzea, d\u2019agrume et d\u2019huiles essentielles certifi\u00e9es biologiques de menthe verte, de v\u00e9tiver et de lavande.<\/h6>\n<\/li>\n<\/ul>\n<p>[\/vc_column_text][vc_empty_space][\/vc_column][\/vc_row][vc_row center_bck_image=\u00a0\u00bbno\u00a0\u00bb][vc_column][vc_column_text]<\/p>\n<h5 style=\"text-align: left;\"><strong><span style=\"vertical-align: inherit;\"><span style=\"vertical-align: inherit;\">INGREDIENTS<\/span><\/span><\/strong><\/h5>\n<p>[\/vc_column_text][vc_column_text]<\/p>\n<h6>WaterAquaEau, Canola OilHuile De Colza, Hydrogenated Castor Oil, Cetyl Alcohol, Oryza Sativa (Rice) Bran Wax, C14-22 Alcohols, Steareth-21, Pvp, Glycerin, Alcohol Denat., Aluminum Starch Octenylsuccinate, Silica, Starch Hydroxypropyltrimonium Chloride, Orbignya Oleifera (Babassu) Seed Oil, Boswellia Serrata Extract, Scutellaria Baicalensis Root Extract, Glycyrrhiza Glabra (Licorice) Root Extract, Yeast ExtractFaexExtrait De Levure, Hydrolyzed Algin, Calophyllum Inophyllum (Tamanu) Seed Oil, Zingiber Cassumunar (Plai) Root Oil, Malt Extract, Tocopherol, Glycine Soja (Soybean) Oil, C12-20 Alkyl Glucoside, Glyceryl Stearate, Peg-100 Stearate, Zea Mays (Corn) Starch, Kaolin, Sodium Chloride, Fragrance (Parfum), Citral, Geraniol, Linalool, Farnesol, Benzyl Benzoate, Citronellol, Coumarin, Eugenol, Limonene, Ursolic Acid, Potassium Sorbate, Sodium Benzoate, Phenoxyethanol<\/h6>\n<h6 class=\"product-full__ingredients--disclaimer\">Veuillez prendre note que les listes d&rsquo;ingr\u00e9dients peuvent changer de temps \u00e0 autre. Veuillez consulter la liste d&rsquo;ingr\u00e9dients sur l&#8217;emballage du produit que vous recevez pour obtenir la liste d&rsquo;ingr\u00e9dients la plus r\u00e9cente.<\/h6>\n<p>[\/vc_column_text][\/vc_column][\/vc_row]<\/p>\n","protected":false},"excerpt":{"rendered":"<h6>Cr\u00e9e de la texture avec une tenue souple et ferme et un fini mat. Formule l\u00e9g\u00e8re qui vous offre le contr\u00f4le de cr\u00e9er le style que vous voulez.<\/h6>\n","protected":false},"featured_media":11355,"comment_status":"open","ping_status":"closed","template":"","meta":[],"product_cat":[27,306],"product_tag":[95],"_links":{"self":[{"href":"https:\/\/www.lateliercoiffureesthetique.com\/fr\/wp-json\/wp\/v2\/product\/10855"}],"collection":[{"href":"https:\/\/www.lateliercoiffureesthetique.com\/fr\/wp-json\/wp\/v2\/product"}],"about":[{"href":"https:\/\/www.lateliercoiffureesthetique.com\/fr\/wp-json\/wp\/v2\/types\/product"}],"replies":[{"embeddable":true,"href":"https:\/\/www.lateliercoiffureesthetique.com\/fr\/wp-json\/wp\/v2\/comments?post=10855"}],"wp:featuredmedia":[{"embeddable":true,"href":"https:\/\/www.lateliercoiffureesthetique.com\/fr\/wp-json\/wp\/v2\/media\/11355"}],"wp:attachment":[{"href":"https:\/\/www.lateliercoiffureesthetique.com\/fr\/wp-json\/wp\/v2\/media?parent=10855"}],"wp:term":[{"taxonomy":"product_cat","embeddable":true,"href":"https:\/\/www.lateliercoiffureesthetique.com\/fr\/wp-json\/wp\/v2\/product_cat?post=10855"},{"taxonomy":"product_tag","embeddable":true,"href":"https:\/\/www.lateliercoiffureesthetique.com\/fr\/wp-json\/wp\/v2\/product_tag?post=10855"}],"curies":[{"name":"wp","href":"https:\/\/api.w.org\/{rel}","templated":true}]}}

pâte coiffante aveda men pure-formance

<p>[vc_row center_bck_image= »no »][vc_column][vc_empty_space][vc_column_text]</p>
<h5 class="product-info-area__header js-product-info-trigger" tabindex="0" role="link" data-info-section="ATTRIBUTE_BENEFIT">DETAILS</h5>
<p>[/vc_column_text][vc_column_text]</p>
<h6 class="product-info-area__info-product-name at-h2__typography-spp">pâte coiffante aveda men pure-formance<span class="trade">™</span></h6>
<h6>Offre une tenue flexible sans effet brillant. Sa formule légère offre le contrôle dont vous avez besoin pour créer n&rsquo;importe quelle coiffure au peigne ou à la main. Idéale pour ajouter de l’épaisseur aux cheveux.</h6>
<ul>
<li>
<h6>Arôme riche, épicé et rafraîchissant de kunzea, d’agrume et d’huiles essentielles certifiées biologiques de menthe verte, de vétiver et de lavande.</h6>
</li>
</ul>
<p>[/vc_column_text][vc_empty_space][/vc_column][/vc_row][vc_row center_bck_image= »no »][vc_column][vc_column_text]</p>
<h5 style="text-align: left;"><strong><span style="vertical-align: inherit;"><span style="vertical-align: inherit;">INGREDIENTS</span></span></strong></h5>
<p>[/vc_column_text][vc_column_text]</p>
<h6>WaterAquaEau, Canola OilHuile De Colza, Hydrogenated Castor Oil, Cetyl Alcohol, Oryza Sativa (Rice) Bran Wax, C14-22 Alcohols, Steareth-21, Pvp, Glycerin, Alcohol Denat., Aluminum Starch Octenylsuccinate, Silica, Starch Hydroxypropyltrimonium Chloride, Orbignya Oleifera (Babassu) Seed Oil, Boswellia Serrata Extract, Scutellaria Baicalensis Root Extract, Glycyrrhiza Glabra (Licorice) Root Extract, Yeast ExtractFaexExtrait De Levure, Hydrolyzed Algin, Calophyllum Inophyllum (Tamanu) Seed Oil, Zingiber Cassumunar (Plai) Root Oil, Malt Extract, Tocopherol, Glycine Soja (Soybean) Oil, C12-20 Alkyl Glucoside, Glyceryl Stearate, Peg-100 Stearate, Zea Mays (Corn) Starch, Kaolin, Sodium Chloride, Fragrance (Parfum), Citral, Geraniol, Linalool, Farnesol, Benzyl Benzoate, Citronellol, Coumarin, Eugenol, Limonene, Ursolic Acid, Potassium Sorbate, Sodium Benzoate, Phenoxyethanol</h6>
<h6 class="product-full__ingredients--disclaimer">Veuillez prendre note que les listes d&rsquo;ingrédients peuvent changer de temps à autre. Veuillez consulter la liste d&rsquo;ingrédients sur l&#8217;emballage du produit que vous recevez pour obtenir la liste d&rsquo;ingrédients la plus récente.</h6>
<p>[/vc_column_text][/vc_column][/vc_row]</p>

<h6>Crée de la texture avec une tenue souple et ferme et un fini mat. Formule légère qui vous offre le contrôle de créer le style que vous voulez.</h6>
